(-91)/(-14)) is divided by t?
14
Suppose 4*x = -3*j + 320 + 215, -5*x = -6*j - 698. Calculate the remainder when 4895 is divided by x.
135
Let a(l) = l**2 + 5*l - 12. Let h = -35 - -40. Suppose 0 = -8*d - h + 45. Calculate the remainder when a(d) is divided by 20.
18
Let b(y) = y**2 - 16*y + 7. Let t be b(16). Suppose 8*v = t*v. Suppose v = 3*m + m - 116. What is the remainder when 86 is divided by m?
28
Suppose -3151*b = -3238*b + 21750. Suppose -180 = -4*u - 36. What is the remainder when b is divided by u?
34
Let t(s) = s**3 - 132*s**2 + 61*s - 1339. Calculate the remainder when t(133) is divided by 139.
138
Suppose 5 = 15*y - 370. Calculate the remainder when 445 is divided by y.
20
Let j(h) = -503*h + 74149. Let v = -10 - -16. Calculate the remainder when j(147) is divided by v.
4
Let v be ((-152)/(-3))/(-3*1/(-108)). Let p be v/20 + (0 - 4/(-5)). Calculate the remainder when -1 + 5 + p + (-1 - -1) is divided by 25.
21
Let i(u) = 4*u + 24. Suppose 0 = 25*q - 24*q - 156. What is the remainder when q is divided by i(2)?
28
Let p(j) = 21*j**2 + 584*j - 69. What is the remainder when 384 is divided by p(-28)?
40
Suppose 0 = -5*o - 2*m + 53, 3*m = 3*o + 6*m - 39. Suppose 11*s - 458 = o*s - 4*j, -234 = -s - 3*j. Calculate the remainder when s is divided by 37.
34
Suppose 101*v - 3430 = 105. Calculate the remainder when 335 is divided by v.
20
Let j be (-1 - -18) + (0 - (7 - 4)). Suppose -22*i = -52 - j. What is the remainder when 9 is divided by i?
0
Suppose 17*b - 1765 = -65. Let d be 0 - (-5 + 2 + -159). Calculate the remainder when b is divided by 119/9 + (-36)/d.
9
Let v(s) = -s**2 - 5*s. Suppose 4*t + 20 = 4*k, -3*k - 2 = t - k. What is the remainder when 17 is divided by v(t)?
1
Suppose -2*f - 11 + 159 = c, -f + c = -77. Suppose 284*z + f = 287*z. Calculate the remainder when 105 is divided by z.
5
Let c be (-30)/(-24) + -1 - 95/(-20). Suppose -2*v + 849 = 5*b, 3*b = c*v + 123 + 374. Let a = 38 + 19. What is the remainder when b is divided by a?
55
Let k(n) = 83*n - 136. Suppose 3*j - 24 = -0*j. Calculate the remainder when k(2) is divided by j.
6
Let q(g) = g**2 - 15*g + 34. Let r be q(8). What is the remainder when (1 + -389)*11/r is divided by 28?
26
Let r(z) = 3*z + 25. Let u(a) = -4*a - 25. Let s(q) = 3*r(q) + 4*u(q). Let d = -123 + 117. What is the remainder when 29 is divided by s(d)?
12
Let n be 50 + -45 + 1 + 100. Suppose -n*y + 126*y = 160. Let o = -1 + 9. What is the remainder when y is divided by o?
0
Suppose 0*m + 1213 = -6*m + 1609. Calculate the remainder when 1913 is divided by m.
65
Suppose 0 = 10*d - 7*d - 120. Suppose -2*b - 3 = -11, 5*i - 18 = 3*b. What is the remainder when d is divided by i?
4
Suppose -4*s = -5*q - 14595, -11885 = -5*s - 5*q + 6415. Calculate the remainder when s is divided by 30.
25
Suppose 11*v - 15*v = 4*d - 628, -3*d - 299 = -2*v. What is the remainder when 512 is divided by v?
50
Let h(p) = 10*p**3 - 7*p**2 - 16*p + 33. Let x(f) = 48*f**2 - 2. Calculate the remainder when x(-2) is divided by h(2).
31
Let c(l) = 24*l**2 - l - 1. Suppose 10 = 4*p - 74. Suppose -26*b + 70 = -p*b. What is the remainder when c(-2) is divided by b?
13
Let g = -22070 + 23769. Calculate the remainder when g is divided by 329.
54
Suppose -420 = 357*z - 372*z. Suppose -4*q - 830 = -2474. Suppose 2*y = -y + q. What is the remainder when y is divided by z?
25
Let j(i) = -12 - 3 - 17 + 10*i. Let b(f) = f + 5. Let m be b(1). What is the remainder when 108 is divided by j(m)?
24
Suppose 7*n + 218 = 9*n. Let z = 119 - n. What is the remainder when z is divided by 7?
3
Let n = 3471 - 1641. Calculate the remainder when n is divided by 11.
4
Suppose 30*y - 31*y + 19 = 0. Suppose 0 = -15*h + y*h - 32. Let f(u) = u**3 + 6*u**2 - 9*u + 1. Calculate the remainder when f(-6) is divided by h.
7
Suppose -5*f + 29 = -66. Let c = 8 - f. Let k = c - -31. Calculate the remainder when 57 is divided by k.
17
Let n(p) = 10*p**3 + 2*p**2 - 16*p - 9. Let b(x) = 8*x**3 + x**2 - 15*x - 8. Let o(u) = 6*b(u) - 5*n(u). What is the remainder when 118 is divided by o(-2)?
16
Suppose -3 = -0*w - w - u, -2*u + 6 = 0. Suppose -4 = -6*b + 10*b, s + 4*b - 3 = w. Suppose s*f - 42 = 5*f. Calculate the remainder when f is divided by 5.
1
Suppose -51*p + 57*p - 7698 = 0. Calculate the remainder when p is divided by 39.
35
Suppose 272*w - 4*c = 274*w - 1210, 3*w = -5*c + 1816. Calculate the remainder when w is divided by 61.
58
Suppose 0 = -18*n + 21*n + h - 28, 0 = 3*n - 4*h - 38. What is the remainder when 3935 is divided by n?
5
Suppose 5*o = -10, -15 - 23 = -n + 4*o. Calculate the remainder when 516 is divided by n.
6
Let a = 247 - 37. Suppose 0 = -25*k + 31*k - a. Calculate the remainder when 173 is divided by k.
33
Let n = -9 + 17. Let u(d) = -d**2 + 44*d - 244. Suppose 0 = 3*l + 3*g - 105, 48*l + 104 = 51*l + 4*g. What is the remainder when u(l) is divided by n?
4
Let c(b) = b**3 + 2*b**2 + b + 6. Let y(g) = 5*g**3 + 11*g**2 + 5*g + 31. Let h(r) = 22*c(r) - 4*y(r). What is the remainder when h(5) is divided by 91?
86
What is the remainder when 837 is divided by (-22)/4*(115 + -113) - -40?
25
Let b(w) = -31*w + 139. Let u be b(5). Calculate the remainder when 190 is divided by 6 + 104/20 - u/20.
10
Let c(m) = -39*m - 266. Let x be c(-7). Let p(h) = -7*h + 165. Calculate the remainder when p(x) is divided by 60.
56
Suppose 0 = -15*k - 0*k + 2070. What is the remainder when k + (-2 - (-16 - -9)) is divided by 74?
69
Let p = -45469 - -46430. Calculate the remainder when 970 is divided by p.
9
Suppose -100*d + 85956 - 24670 = -264714. What is the remainder when 3261 is divided by d?
1
Calculate the remainder when 740/1110 - (-3)/((-9)/(-4189)) is divided by 58.
5
Let o = -36 + 592. Calculate the remainder when o is divided by 14.
10
Suppose 0 = 100*x - 322736 - 159164. What is the remainder when x is divided by 67?
62
Let h(r) = -r**3 - 120*r**2 + 269*r + 3612. What is the remainder when h(-122) is divided by 61?
13
Let k(o) = -1544*o**3 - o**2 - o + 1. Let n be k(-1). Suppose 4977 - n = 8*m. Calculate the remainder when m is divided by 36.
33
Let n = 79 + 27. Suppose 342*m - 84*m - 12320 = -182*m. Calculate the remainder when n is divided by m.
22
What is the remainder when 579 is divided by 3/((-42)/(-320) - (-6 + (-854)/(-140)))?
3
Suppose 4*k - 123 = -5*t, -39 = -k - 2*t - 2*t. Suppose -97*f + 7184 - 5301 = -7332. What is the remainder when f is divided by k?
14
Let x be (4 - (13 - 8))*0. Suppose x = w + f - 8, -f + 32 = 4*w + 4*f. What is the remainder when 22 is divided by w?
6
Suppose 2*h - 78 = 3*o, -3*h - 8*o = -12*o - 116. What is the remainder when 1759 is divided by h?
31
Let w = -40 - -44. Suppose -11 = -a + w*u, -11 - 10 = -a - u. Calculate the remainder when a is divided by ((-22)/12)/((-2)/12).
8
Let t(p) = -p**3 - 9*p**2 + 14*p + 43. Let g be t(-10). Calculate the remainder when 82 is divided by g*1/(-8) - 1362/(-48).
26
Let s be (-2)/(-2)*(3 - 0). Suppose 0 = -5*j + s + 37. Calculate the remainder when 0/32 + -4 + 21 + -5 is divided by j.
4
Let a(o) = o**3 + 18*o**2 + 56*o - 11. What is the remainder when 236 is divided by a(-11)?
16
Calculate the remainder when 3/8 - 66*203/(-112) is divided by 58.
4
What is the remainder when 32820/116 - -7 - ((-715)/(-145) - 5) is divided by 95?
5
Let a(d) = -27*d - 5. Let o be a(1). Let p = 14 - o. What is the remainder when p is divided by 9?
1
Let c = 33 + -30. Suppose c*b + 23 = 2*k, -3*b = -5*k + 9 + 44. Suppose p - 41 = k. Calculate the remainder when 150 is divided by p.
48
Let d(q) = -4*q - 170. Let j(w) = w + 1. Let v(b) = d(b) - 6*j(b). Calculate the remainder when v(-29) is divided by 32.
18
Suppose -2*g - 3*s = -289, 14*s - 423 = -3*g + 11*s. What is the remainder when 934 is divided by g?
130
Suppose -2*m - p + 808 = 137, -5*m + p = -1667. Let o = m - 155. What is the remainder when o is divided by 46?
41
Calculate the remainder when (-3*8*-190 - 8)*(-2)/(-8) is divided by 95.
93
Let w be (-4)/12 + 1/3. Suppose 2*j + 2*h + 10 + w = 0, 2 = 2*j - 2*h. Let k(f) = -9*f - 3. Calculate the remainder when 57 is divided by k(j).
12
Suppose -89*c = -58*c - 248. Suppose -3*t - 4 = -4*t. Let p = t - -16. What is the remainder when p is divided by c?
4
Let c(o) = 9*o + 56. Let q be c(-6). Suppose -4*a